. Let w(a) = a**2 - 3. Let q(g) = 4*r(g) + 9*w(g). Let u be q(1). Let p(j) be the first derivative of j**2/2 - 8*j - 261. What is p(u)?
-2
Let f(q) = -2*q - 1. Let m(h) = -4*h + 4. Let w(x) = x + 4*x - 2*x + 0*x - 3. Let c(i) = -2*m(i) - 3*w(i). Let r(j) = c(j) - f(j). Calculate r(2).
4
Let h(l) = -l**2 + 2*l + 1. Let p be h(3). Suppose -5 = -4*m - a + 4, m = -2*a + 4. Let j(b) = -4*b**2 + 8 - 9 - b + 2*b**3 + 2*b**m + 4*b**2. Calculate j(p).
-7
Let w(m) = m + 2*m**2 - 5*m**3 + 0*m + 0*m. Let s(z) = -z**3 + 9. Let y be s(0). Let t be (y/18)/(1/(-2)). Determine w(t).
6
Let g(p) be the first derivative of -p**3/3 - 7*p**2/2 + 4*p - 1284. Let x be (6 - 0/1)*-1. Calculate g(x).
10
Let m(o) = 3*o + 1. Suppose -3*v + 5*y - 11 = 0, v + 38*y + 3 = 39*y. Calculate m(v).
-5
Let p(s) = s**2 + 7*s. Let d be p(-7). Let a(n) = 0*n - n + d*n + 2. Suppose 0 = -0*k + 4*k + z - 13, 3*k + 4*z - 26 = 0. Calculate a(k).
0
Let h = -5 + 6. Let w be (24/1)/((-78)/(-52)). Let q(c) = -2*c**2 + 14*c - w*c + 1 + 4*c**2. Give q(h).
1
Let r = 0 + 0. Let x(m) = 1 + r - 3 - 3*m. Let q(w) = 3*w**3 - w**2 - 11*w + 2. Let c be q(-2). Calculate x(c).
10
Let a(w) = 2*w**2 - 10*w + 17. Suppose 5*s - 7*m + 11*m = 3, -2*m = 5*s - 9. Give a(s).
5
Let a = 43 + -37. Let h be 2*(-2)/(-4 + a). Let s(d) = 3*d**2 - 1. Give s(h).
11
Let z(r) = r + 9. Let j be z(-3). Let o(a) = -4*a - a - 4 + j*a + 9. What is o(-6)?
-1
Let y(x) = 7*x - 1. Let n(i) be the third derivative of -i**5/60 - i**4/4 - i**3 + i**2. Suppose 4*w - 8 = 6*w. Let s be n(w). Calculate y(s).
13
Suppose y - 214 = -212. Let d(f) be the first derivative of 7/2*f**y + 0*f - 7. Give d(-2).
-14
Let h(x) = x**3 + x**2 - x - 1. Let y(w) = -3*w**3 - 10*w**2 + 10*w. Let d(o) = -4*h(o) - y(o). Let z = 64 + -59. What is d(z)?
-1
Let a(b) = 7*b**2 + 7*b + 12. Suppose 0*z = 4*z - 4. Let v(y) = y**2 + 140*y - 1 + 2 - 140*y. Let l(x) = z*a(x) - 6*v(x). Give l(-6).
0
Let x(w) = -8*w**2 - 5*w - 1. Let i(d) = 5*d**2 + 3*d + 1. Let b(r) = -5*i(r) - 3*x(r). Determine b(0).
-2
Suppose -2*z = -4*r + 2*r + 8, 17 = -4*z + 5*r. Let p(y) = y - 3. Give p(z).
-6
Suppose 13*f + 0 = -52. Let k(g) be the first derivative of -g**3/3 - 5*g**2/2 - 3*g - 1. Give k(f).
1
Let n be (0 + 63)*(-6)/((-90)/5). Let l(x) = -58*x**3 + 3 + 20*x**3 + 13*x**2 + 16*x**3 + n*x**3. What is l(13)?
3
Let d(m) = 10*m - 1. Let u(k) = 49*k - 2. Let r(b) = -5*d(b) + u(b). Calculate r(4).
-1
Let m(p) = 9*p**2 - 7*p - 1. Let l(b) = 5*b**2 - 3*b - 1. Let v(o) = -7*l(o) + 4*m(o). Suppose -5 + 5 = u. Suppose 14*y - 8*y - 42 = u. Calculate v(y).
3
Let x(k) be the third derivative of k**5/120 + k**4/4 + 4*k**3/3 - k**2. Let b(h) be the first derivative of x(h). Determine b(-5).
1
Let b(u) = -u**3 - u**2 + u + 8. Let g = -425 - -425. Give b(g).
8
Let o(n) = 6*n**2 + 86*n**3 + n - 85*n**3 - 1 + 5*n. Let d(y) = -2*y**3 - 12*y**2 - 13*y + 1. Let g(s) = -2*d(s) - 5*o(s). Suppose -3 - 2 = h. Give g(h).
-2
Let b be -44*(-25)/120 + (-2)/12. Suppose -b + 31 = -22*a. Let h(g) = -3*g**3. Give h(a).
3
Let w be (-42)/399 - ((-169)/(-19) - -1). Let u(c) = -c**2 - 8*c + 7. Calculate u(w).
-13
Let u be (-24)/(-4) - (1 - 1). Let k(v) = -v - 1. Let t(a) = -8*a + 9*a + 2 - 1. Let p(h) = u*k(h) + 7*t(h). Calculate p(-5).
-4
Let n = 220 - 228. Let d(w) = -w**2 - 13*w - 2. What is d(n)?
38
Let m(q) = q**3 - q**2 - 6*q + 5. Let s be m(3). Let z be (-3)/s + (-36)/15. Let u(x) be the third derivative of -x**5/30 - x**4/8 + 10*x**2. Determine u(z).
-9
Suppose 5*t + 5 + 55 = 0. Let k = t - -16. Let f(v) = -v - 3 + 3*v - k*v + 0. Give f(-2).
1
Let m(v) be the first derivative of -v**2/2 + 5*v - 4. Let s be m(8). Let h = 0 + s. Let l(p) = -p - 1. Calculate l(h).
2
Let y(p) be the second derivative of -p**3/2 + 5*p**2/2 + 51*p + 1. Suppose 8 = 2*t - 5*c, -5*t + 0*t - 5*c + 20 = 0. Calculate y(t).
-7
Suppose -4 = -5*f + 4*f. Suppose -8*s = -f*s + 12. Let l = 1 + s. Let j(a) = -a + 2. Give j(l).
4
Let r(d) = -d + 2. Let y(p) = 4*p + 10. Let j be (4/(-6))/((-1)/18). Let v = j - 16. Let o be y(v). Determine r(o).
8
Suppose -10*m = -12*m - 10. Let q(h) = 7*h - 7. What is q(m)?
-42
Let l(f) be the first derivative of -1/2*f**2 + 6*f + 3. Determine l(7).
-1
Let r = -33 + 27. Let u be (-5 - -1) + 1 - r. Let q(m) = -3*m + 2. Calculate q(u).
-7
Suppose -12*z + 51 = 5*z. Let x(u) = -15*u**2 + 1 + 7*u**2 + 2*u + z*u**2. Determine x(2).
-15
Let b(z) = 4*z**2 - 18*z**2 - 1 + 8*z**2 + 2*z + 4*z**2. Determine b(2).
-5
Let g(r) = -7*r + 6. Let x(k) = -3*k**3 + 9*k**2 - k - 3. Let p be x(3). Let c(i) = 15*i - 13. Let j(f) = p*c(f) - 13*g(f). Give j(4).
4
Let y(d) = 747*d**3 + 7*d**2 + 1 + 6*d + 756*d**3 - 1502*d**3. Let g(j) = -j**2 - 8*j - 7. Let p be g(-5). Let b = 2 - p. Give y(b).
1
Suppose 0 = -5*c, -2*l + 12 = -c + 2. Let o(p) = 16*p + 1. Let b(w) = 15*w + 1. Let i(s) = l*b(s) - 4*o(s). Give i(1).
12
Let d = 1 + -3. Let z(g) be the second derivative of 0*g**3 + 0*g**2 + 0 + 12*g + 0*g**4 - 1/20*g**5. Give z(d).
8
Suppose -2*d - 2*d + 22 = 2*j, 0 = 3*j - 3. Suppose 0 = -5*p - 5*i + 2*i - 4, 3*p = -4*i - 9. Let u(y) = 4 - 5*y + 3 + y**2 - p. Give u(d).
6
Suppose 3*x + 30 = -0*x. Let v(z) = -10*z - 21. Let i(a) = -13*a - 28. Let s(d) = -7*i(d) + 9*v(d). Give s(x).
-3
Let i(l) = l + 2. Let t(w) = 7*w + 32. Let y(r) = 6*i(r) - t(r). What is y(-7)?
-13
Let z(u) be the first derivative of -u**3/3 - u**2 + u - 1. Suppose 5 = 3*f - 1. Let t be 2/f + -1 + -2. What is z(t)?
1
Let f(y) be the first derivative of y**2 + 4*y - 10. Let z(p) = 2*p - 2. Let b be z(2). Let x = b - 5. Determine f(x).
-2
Let i(n) = 2*n**2 - 5*n - 10. Let t(h) = h**2 + h - 2. Let l(x) = i(x) - 3*t(x). Calculate l(-7).
3
Let y(l) be the second derivative of l**3/6 - 13*l**2/2 - 151*l. Determine y(0).
-13
Let j(a) be the third derivative of a**5/60 + a**4/6 - 5*a**3/6 + 9*a**2. Let g be j(-6). Let q(w) = -w**3 + 7*w**2 + 2*w - 10. Calculate q(g).
4
Let r(y) = y**2 + y + 3. Let n be r(-3). Let g(i) = i**3 - 10*i**2 + 12*i - 9. What is g(n)?
18
Let q(r) be the first derivative of -r**2/2 - r - 194. Let p = 8 - 4. Determine q(p).
-5
Let i be 6/18 + 2*(-7)/42. Let a(k) be the third derivative of i*k - 1/15*k**5 - 1/6*k**3 + 0 - 1/24*k**4 - k**2. Give a(-1).
-4
Let l(z) = z**3 - 2*z**2 - 6*z - 1. Let v be l(3). Let b(o) = o + 13. What is b(v)?
3
Suppose -4*z + 9*z + 5*c - 5 = 0, -11 = -3*z + 5*c. Let b(d) = -3*d**3 + 2*d. Let j(q) = 16*q**3 - 11*q + 1. Let m(a) = -11*b(a) - 2*j(a). Determine m(z).
6
Let o = -28 + 16. Let m = -10 - o. Let t(n) be the second derivative of -4*n**3/3 + n**2 - n. Determine t(m).
-14
Let z(k) = 7 - k - k**2 + 2*k + 4*k. Let j(b) = -b**3 + b**2 - 2*b - 4. Let p be j(0). Let w be (15/10)/((-1)/p). What is z(w)?
1
Let u(x) = x**2 + 4*x - 7. Let j be 3*((-8)/(-6))/4. Let z be 2 + j + -12 - -3. Let n be u(z). Let p(v) = -v**3 + 5*v**2 + 3*v - 6. Calculate p(n).
9
Suppose -19 + 3 = -4*q + 2*i, -5*q + 21 = -2*i. Suppose q*x + 24 = 3*x. Let g = 13 + x. Let a(f) = -5*f**2 + f - 1. Give a(g).
-5
Let u(k) be the third derivative of -1/24*k**4 - 7/6*k**3 + 0 + 0*k + 113*k**2. Let o = 6 + -1. Calculate u(o).
-12
Let h(o) = -2*o + 146. Let v(l) = -4*l + 366. Let c(u) = 5*h(u) - 2*v(u). Suppose -2*n = -0*n + 10. Give c(n).
8
Let c(m) be the second derivative of m**3/3 + m**2 + m + 10. Suppose 0 - 2 = -w. Let p(i) = 4*i + 4. Let a(u) = w*p(u) - 5*c(u). Determine a(3).
-8
Let d(n) = 12*n + 3. Suppose -18*g - 23 = 31. Determine d(g).
-33
Let g(w) = -w**2 - 1. Let z(x) = 4*x. Let u be z(1). Suppose -2*d - 6 = u*y + 3*d, -9 = -y + 4*d. Suppose 5*k - 7 + y = -3*p, 2*k = 2*p - 4. Give g(k).
-1
Let x(b) = -b**3 - 12*b**2 + 8*b - 3. Let z(y) = -2*y**3 - 13*y**2 + 6*y - 3. Let p(d) = 3*x(d) - 2*z(d). Give p(9).
24
Let q(w) be the first derivative of -14*w**3/3 - w**2/2 - w + 9. Suppose 65 = 4*t - 35. Let d = 24 - t. What is q(d)?
-14
Let b(r) = -290 + 298 + 9*r - 5*r**2 + r**3 - 7*r. What is b(4)?
0
Let i(g) = g**3 - 16*g**2 + 15*g + 4. Let c be i(15). Let l(x) = c - 4 - 4 + 1 - 3*x. Calculate l(-2).
3
Let j(z) be the first derivative of -z**4/24 + 2*z**3/3 - 9*z**2/2 - 2*z + 47. Let h(y) be the second derivative of j(y). Calculate h(10).
-6
Let b(j) = -2*j - 11. Let q be b(-7). Suppose 0 = 5*z - q*z - 16. Let w be 20/16 - 2/z. Let k(n) = 2*n**2 + n. Determine k(w)